{"id":384,"date":"2022-08-16T07:56:38","date_gmt":"2022-08-16T07:56:38","guid":{"rendered":"https:\/\/www.oviedoalpinerace.com\/?page_id=384"},"modified":"2022-08-16T07:56:39","modified_gmt":"2022-08-16T07:56:39","slug":"resultados-2019","status":"publish","type":"page","link":"https:\/\/www.oviedoalpinerace.com\/?page_id=384","title":{"rendered":"RESULTADOS 2019"},"content":{"rendered":"\n<h3 class=\"wp-block-heading\"><strong><a href=\"https:\/\/fep.es\/admin\/eventsAlpino\/docs\/rollerDerby357.pdf\">CONVOCATORIA IV TROFEO CIUDAD DE OVIEDO<\/a><\/strong><\/h3>\n\n\n\n<h3 class=\"wp-block-heading\"><strong><a href=\"https:\/\/fep.es\/admin\/eventsAlpino\/docs\/rollerDerby366.pdf\">LISTADO CAMPEONATOS DE ESPA\u00d1A DE ESLALON<\/a><\/strong><\/h3>\n\n\n\n<h3 class=\"wp-block-heading\"><strong><a href=\"https:\/\/fep.es\/admin\/eventsAlpino\/docs\/rollerDerby367.pdf\">RESULTADOS CAMPEONATO DE ESPA\u00d1A ESLALON<\/a><\/strong><\/h3>\n\n\n\n<h3 class=\"wp-block-heading\"><strong><a href=\"https:\/\/fep.es\/admin\/eventsAlpino\/docs\/rollerDerby368.pdf\">RESULTADOS CAMPEONATO DE ESPA\u00d1A ESLALON POR EQUIPOS<\/a><\/strong><\/h3>\n\n\n\n<h3 class=\"wp-block-heading\"><strong><a href=\"https:\/\/fep.es\/admin\/eventsAlpino\/docs\/rollerDerby369.pdf\">PUNTOS CNAL IV TROFEO CIUDAD DE OVIEDO<\/a><\/strong><\/h3>\n","protected":false},"excerpt":{"rendered":"<p>CONVOCATORIA IV TROFEO CIUDAD DE OVIEDO LISTADO CAMPEONATOS DE ESPA\u00d1A DE ESLALON RESULTADOS CAMPEONATO DE ESPA\u00d1A ESLALON RESULTADOS CAMPEONATO DE ESPA\u00d1A ESLALON POR EQUIPOS PUNTOS CNAL IV TROFEO CIUDAD DE OVIEDO<\/p>\n","protected":false},"author":2,"featured_media":0,"parent":0,"menu_order":0,"comment_status":"closed","ping_status":"closed","template":"","meta":{"footnotes":""},"class_list":["post-384","page","type-page","status-publish"],"_links":{"self":[{"href":"https:\/\/www.oviedoalpinerace.com\/index.php?rest_route=\/wp\/v2\/pages\/384","targetHints":{"allow":["GET"]}}],"collection":[{"href":"https:\/\/www.oviedoalpinerace.com\/index.php?rest_route=\/wp\/v2\/pages"}],"about":[{"href":"https:\/\/www.oviedoalpinerace.com\/index.php?rest_route=\/wp\/v2\/types\/page"}],"author":[{"embeddable":true,"href":"https:\/\/www.oviedoalpinerace.com\/index.php?rest_route=\/wp\/v2\/users\/2"}],"replies":[{"embeddable":true,"href":"https:\/\/www.oviedoalpinerace.com\/index.php?rest_route=%2Fwp%2Fv2%2Fcomments&post=384"}],"version-history":[{"count":1,"href":"https:\/\/www.oviedoalpinerace.com\/index.php?rest_route=\/wp\/v2\/pages\/384\/revisions"}],"predecessor-version":[{"id":386,"href":"https:\/\/www.oviedoalpinerace.com\/index.php?rest_route=\/wp\/v2\/pages\/384\/revisions\/386"}],"wp:attachment":[{"href":"https:\/\/www.oviedoalpinerace.com\/index.php?rest_route=%2Fwp%2Fv2%2Fmedia&parent=384"}],"curies":[{"name":"wp","href":"https:\/\/api.w.org\/{rel}","templated":true}]}}