{"id":277,"date":"2022-08-09T10:37:35","date_gmt":"2022-08-09T10:37:35","guid":{"rendered":"https:\/\/www.oviedoalpinerace.com\/?page_id=277"},"modified":"2022-08-09T10:46:28","modified_gmt":"2022-08-09T10:46:28","slug":"fotografias-2019-2","status":"publish","type":"page","link":"https:\/\/www.oviedoalpinerace.com\/?page_id=277","title":{"rendered":"FOTOGRAF\u00cdAS 2019"},"content":{"rendered":"<h3 style=\"text-align: center;\"><strong><a href=\"https:\/\/luisvelasco.es\/album\/inline-alpino-iv-trofeo-ciudad-de-oviedo-reconocimiento-2457\">Inline Alpino: IV Trofeo Ciudad de Oviedo &#8211; Reconocimiento<\/a><\/strong><\/h3>\n<h3 style=\"text-align: center;\"><strong><a href=\"https:\/\/luisvelasco.es\/album\/inline-alpino-iv-trofeo-ciudad-de-oviedo-slalom-1a-manga-36-84-2459\">Inline Alpino: IV Trofeo Ciudad de Oviedo &#8211; Slalom 1\u00aa manga 36-84<\/a><\/strong><\/h3>\n<h3 style=\"text-align: center;\"><strong><a href=\"https:\/\/luisvelasco.es\/album\/inline-alpino-iv-trofeo-ciudad-de-oviedo-slalom-equipos-2a-manga-2463\">Inline Alpino: IV Trofeo Ciudad de Oviedo &#8211; Slalom equipos 2\u00aa manga<\/a><\/strong><\/h3>\n<h3 style=\"text-align: center;\"><strong><a href=\"https:\/\/luisvelasco.es\/album\/inline-alpino-iv-trofeo-ciudad-de-oviedo-slalom-2a-manga-36-84-2461\">Inline Alpino: IV Trofeo Ciudad de Oviedo &#8211; Slalom 2\u00aa manga 36-84<\/a><\/strong><\/h3>\n<h3 style=\"text-align: center;\"><strong><a href=\"https:\/\/luisvelasco.es\/album\/inline-alpino-iv-trofeo-ciudad-de-oviedo-slalom-equipos-1a-manga-2462\">Inline Alpino: IV Trofeo Ciudad de Oviedo &#8211; Slalom equipos 1\u00aa manga<\/a><\/strong><\/h3>\n<h3 style=\"text-align: center;\"><strong><a href=\"https:\/\/luisvelasco.es\/album\/inline-alpino-iv-trofeo-ciudad-de-oviedo-slalom-2a-manga-01-35-2460\">Inline Alpino: IV Trofeo Ciudad de Oviedo &#8211; Slalom 2\u00aa manga 01-35<\/a><\/strong><\/h3>\n<h3 style=\"text-align: center;\"><strong><a href=\"https:\/\/luisvelasco.es\/album\/inline-alpino-iv-trofeo-ciudad-de-oviedo-entrega-trofeos-2464\">Inline Alpino: IV Trofeo Ciudad de Oviedo &#8211; Entrega trofeos<\/a><\/strong><\/h3>\n<h3 style=\"text-align: center;\"><strong><a href=\"https:\/\/luisvelasco.es\/album\/jornadas-tecnificacion-seleccion-espanola-de-alpino-en-linea-2287\">Jornadas tecnificaci\u00f3n selecci\u00f3n espa\u00f1ola de Alpino en l\u00ednea<\/a><\/strong><\/h3>\n","protected":false},"excerpt":{"rendered":"<p>Inline Alpino: IV Trofeo Ciudad de Oviedo &#8211; Reconocimiento Inline Alpino: IV Trofeo Ciudad de Oviedo &#8211; Slalom 1\u00aa manga 36-84 Inline Alpino: IV Trofeo Ciudad de Oviedo &#8211; Slalom equipos 2\u00aa manga Inline Alpino: IV Trofeo Ciudad de Oviedo &#8211; Slalom 2\u00aa manga 36-84 Inline Alpino: IV Trofeo Ciudad de Oviedo &#8211; Slalom equipos &#8230; <a title=\"FOTOGRAF\u00cdAS 2019\" class=\"read-more\" href=\"https:\/\/www.oviedoalpinerace.com\/?page_id=277\" aria-label=\"M\u00e1s en FOTOGRAF\u00cdAS 2019\">Leer m\u00e1s<\/a><\/p>\n","protected":false},"author":2,"featured_media":0,"parent":0,"menu_order":0,"comment_status":"closed","ping_status":"closed","template":"","meta":{"footnotes":""},"class_list":["post-277","page","type-page","status-publish"],"_links":{"self":[{"href":"https:\/\/www.oviedoalpinerace.com\/index.php?rest_route=\/wp\/v2\/pages\/277","targetHints":{"allow":["GET"]}}],"collection":[{"href":"https:\/\/www.oviedoalpinerace.com\/index.php?rest_route=\/wp\/v2\/pages"}],"about":[{"href":"https:\/\/www.oviedoalpinerace.com\/index.php?rest_route=\/wp\/v2\/types\/page"}],"author":[{"embeddable":true,"href":"https:\/\/www.oviedoalpinerace.com\/index.php?rest_route=\/wp\/v2\/users\/2"}],"replies":[{"embeddable":true,"href":"https:\/\/www.oviedoalpinerace.com\/index.php?rest_route=%2Fwp%2Fv2%2Fcomments&post=277"}],"version-history":[{"count":1,"href":"https:\/\/www.oviedoalpinerace.com\/index.php?rest_route=\/wp\/v2\/pages\/277\/revisions"}],"predecessor-version":[{"id":278,"href":"https:\/\/www.oviedoalpinerace.com\/index.php?rest_route=\/wp\/v2\/pages\/277\/revisions\/278"}],"wp:attachment":[{"href":"https:\/\/www.oviedoalpinerace.com\/index.php?rest_route=%2Fwp%2Fv2%2Fmedia&parent=277"}],"curies":[{"name":"wp","href":"https:\/\/api.w.org\/{rel}","templated":true}]}}

FOTOGRAFÍAS 2019

<h3 style="text-align: center;"><strong><a href="https://luisvelasco.es/album/inline-alpino-iv-trofeo-ciudad-de-oviedo-reconocimiento-2457">Inline Alpino: IV Trofeo Ciudad de Oviedo &#8211; Reconocimiento</a></strong></h3>
<h3 style="text-align: center;"><strong><a href="https://luisvelasco.es/album/inline-alpino-iv-trofeo-ciudad-de-oviedo-slalom-1a-manga-36-84-2459">Inline Alpino: IV Trofeo Ciudad de Oviedo &#8211; Slalom 1ª manga 36-84</a></strong></h3>
<h3 style="text-align: center;"><strong><a href="https://luisvelasco.es/album/inline-alpino-iv-trofeo-ciudad-de-oviedo-slalom-equipos-2a-manga-2463">Inline Alpino: IV Trofeo Ciudad de Oviedo &#8211; Slalom equipos 2ª manga</a></strong></h3>
<h3 style="text-align: center;"><strong><a href="https://luisvelasco.es/album/inline-alpino-iv-trofeo-ciudad-de-oviedo-slalom-2a-manga-36-84-2461">Inline Alpino: IV Trofeo Ciudad de Oviedo &#8211; Slalom 2ª manga 36-84</a></strong></h3>
<h3 style="text-align: center;"><strong><a href="https://luisvelasco.es/album/inline-alpino-iv-trofeo-ciudad-de-oviedo-slalom-equipos-1a-manga-2462">Inline Alpino: IV Trofeo Ciudad de Oviedo &#8211; Slalom equipos 1ª manga</a></strong></h3>
<h3 style="text-align: center;"><strong><a href="https://luisvelasco.es/album/inline-alpino-iv-trofeo-ciudad-de-oviedo-slalom-2a-manga-01-35-2460">Inline Alpino: IV Trofeo Ciudad de Oviedo &#8211; Slalom 2ª manga 01-35</a></strong></h3>
<h3 style="text-align: center;"><strong><a href="https://luisvelasco.es/album/inline-alpino-iv-trofeo-ciudad-de-oviedo-entrega-trofeos-2464">Inline Alpino: IV Trofeo Ciudad de Oviedo &#8211; Entrega trofeos</a></strong></h3>
<h3 style="text-align: center;"><strong><a href="https://luisvelasco.es/album/jornadas-tecnificacion-seleccion-espanola-de-alpino-en-linea-2287">Jornadas tecnificación selección española de Alpino en línea</a></strong></h3>

<p>Inline Alpino: IV Trofeo Ciudad de Oviedo &#8211; Reconocimiento Inline Alpino: IV Trofeo Ciudad de Oviedo &#8211; Slalom 1ª manga 36-84 Inline Alpino: IV Trofeo Ciudad de Oviedo &#8211; Slalom equipos 2ª manga Inline Alpino: IV Trofeo Ciudad de Oviedo &#8211; Slalom 2ª manga 36-84 Inline Alpino: IV Trofeo Ciudad de Oviedo &#8211; Slalom equipos &#8230; <a title="FOTOGRAFÍAS 2019" class="read-more" href="https://www.oviedoalpinerace.com/?page_id=277" aria-label="Más en FOTOGRAFÍAS 2019">Leer más</a></p>
